 units digit of r(-10)?
7
Let l be 4/7*105/15. Suppose -6 = 3*i, -x + l*i + 74 = x. What is the tens digit of x?
3
Let q(p) = -16*p - 4. What is the units digit of q(-2)?
8
Suppose -2*b = b - 21. Suppose b*z - 35 = 2*z. What is the units digit of z?
7
Let d be 4220/28 - 6/(-21). Let y = d - 101. What is the tens digit of y?
5
Let y(n) = -2*n**2 - 13*n - 8. Let o be y(-6). Let f be (2 - 1)/((-2)/8). Let u = o - f. What is the units digit of u?
2
Suppose 0*o - 30 = 5*o. Let m(a) = a**2 - 7*a - 5. Let h be m(8). What is the units digit of 3 + (o/h - -3)?
4
Let v(u) = u**2 - 8*u - 5. Let t be v(10). Let m be (-1 + (-8)/(-6))*t. Suppose -2*i + 60 = m*g, -g - 2*i + 35 = 3*i. What is the tens digit of g?
1
Let l be (8 - 6)/(2/5). What is the units digit of ((-10)/l)/(1/(-2))?
4
Let w be (-4)/(-10) + 48/30. Let z be 3/w - 2/(-4). Suppose z*p - 2*m = 24, -5*m - 32 = -7. What is the units digit of p?
7
Let g(t) = 6 - 6*t + 2 + 6*t**2 - 2 + 0*t**3 - t**3. What is the tens digit of g(4)?
1
What is the units digit of 3 - (-4 - -6 - 1)?
2
Suppose -14 = -4*g + 54. Let n(w) = -w - 3. Let k be n(-3). Suppose k = 4*z - 5*d + g, 7*d - 4*d = -z + 17. What is the units digit of z?
2
Let a(h) = -h**3 + h**2 + 2*h - 3. What is the units digit of a(-3)?
7
Suppose 5*w + 2 - 122 = 0. What is the tens digit of w?
2
Let b = -7 + 11. Let o(j) = b*j - 3 - 3*j + 0*j - 3*j. What is the units digit of o(-7)?
1
What is the units digit of (-1 + 1 + 1)/1?
1
Suppose 4*c + 42 = 2*r - 2, -5*r + 84 = 3*c. What is the tens digit of r?
1
Let z be 2/(-5) - 49/(-35). Let b = z + 17. What is the units digit of b?
8
Let u be 3/(-6)*(-3 + -1). What is the units digit of 11/((4/u)/2)?
1
Let x(i) = -i. Let c(u) = -2*u - 4. Let t(n) = 2*c(n) - 22*x(n). What is the tens digit of t(3)?
4
Suppose h = 2*h - 14. Let y = h + 12. What is the tens digit of y?
2
Suppose -4*f - 2*i + 100 = 3*i, -4*i - 64 = -4*f. What is the units digit of f?
0
Suppose -f + 30 = d, 0 = -d - 0*d - 3. What is the units digit of f?
3
Let r = 16 - 24. Let n(w) = -5 + 9*w**2 + 6 + w**3 + 8*w + 10. What is the units digit of n(r)?
1
Let v(f) = f**3 - 5*f**2 + 5*f. Let u be ((-10)/(-6))/((-3)/(-9)). Suppose u*k - 21 = -1. What is the units digit of v(k)?
4
What is the units digit of -2 + (-1852)/(-22) - 24/132?
2
Let u(q) = -7 - 8 + 15 - 8*q. What is the units digit of u(-2)?
6
Suppose 10*h - 352 = 2*h. What is the tens digit of h?
4
Suppose m - 2 = -8. Let t be 2*m/(-4) + -1. Suppose -t*s - s + 24 = 0. What is the units digit of s?
8
Let d be (35/3)/(1/6). Let m = -27 + d. Suppose l - 5*q + m = 3*l, 19 = 2*l - 3*q. What is the tens digit of l?
1
Suppose 0*u + 108 = 3*u. What is the tens digit of u?
3
Let j(u) = u + 9. Let d be j(-6). Let v = d - 5. What is the units digit of (-7)/(v*(-3)/(-6))?
7
Suppose -v - 2*v - 2 = 5*x, -8 = 4*x + 4*v. Suppose 9 = -x*z + 25. What is the units digit of z?
8
What is the units digit of 62 + (-4 + 2 - -3)?
3
Let u = 2 + 5. Suppose 0 = u*p - 5*p + 18. Let j = -6 - p. What is the units digit of j?
3
Let i(s) = -2*s**3 - s**2 - 2*s. Let o be i(-2). Suppose 0 + o = 2*z. What is the units digit of z?
8
Let z(g) = -g**3 + 6*g**2 - 3*g - 1. Let v be -1 + (-6)/(-2) + 3. What is the units digit of z(v)?
9
Let l(a) be the second derivative of -a**5/20 + a**4/2 + a**3 - 7*a**2/2 + 4*a. What is the tens digit of l(6)?
2
Let p(q) be the first derivative of -q**4/4 - 2*q**3/3 + 5*q**2/2 + 4*q - 8. Suppose 0*r - 2*g = 2*r + 4, -2*r = 3*g + 2. What is the units digit of p(r)?
6
Let s be 2/8 - 30/(-8). Suppose 0 = 4*b - 4*u - 152, -b - 2*u = -s*b + 118. What is the tens digit of b?
4
Suppose -o = 2*a - 59, -2*o - o - 19 = -a. What is the tens digit of a?
2
Let m(j) = j**3 + 14*j**2 - 19*j - 7. Let r be m(-15). Let y = r - 33. What is the tens digit of y?
2
Suppose -5*l - 45 = -2*l + 5*r, -2*l - 30 = -r. Let t(q) = -q**3 - 15*q**2 + 14. What is the units digit of t(l)?
4
Let u = 20 + 0. Suppose 0 = -4*y + u, -y - 59 = 3*q - 7*q. Let x = -5 + q. What is the tens digit of x?
1
Suppose 4*b = 893 - 49. What is the units digit of b?
1
Suppose -44 = 4*a - 2*a. Let x be a/(-4)*(2 - -6). Suppose 3*z + 4*c - 76 = 0, -c + 0*c = 2*z - x. What is the units digit of z?
0
What is the tens digit of (-2)/3*(-2226)/28?
5
What is the tens digit of 616/5 + 18/(-90)?
2
Let m = -47 - -73. Suppose u - 3*u + m = 0. What is the units digit of u?
3
Let y(n) = -2*n - 3 + n + 0*n. Let l be y(-6). Suppose -3*o - l*f + 30 = 0, 3*o + 0*o + 2*f - 27 = 0. What is the units digit of o?
7
Let d = 6 + -4. Suppose 6 = -d*t + 5*t. What is the units digit of t?
2
Let t be ((-4)/12)/((-2)/36). Let b = t - 4. What is the units digit of b?
2
Let t(f) = -f**2 - 8*f + 5. Let k be t(-8). Suppose 2*p = 3*n + 39, k*p - 103 = 2*n - 0*n. Let h = -5 + p. What is the units digit of h?
6
Suppose -4*w - 2*y - 106 = 0, w - 3*y - y = -40. Let x = 53 + w. What is the units digit of x?
5
Suppose k + 2*r = -r + 11, -12 = -4*r. Suppose 4*p - 6 - k = 0. Suppose 11 = p*i - 1. What is the units digit of i?
6
Let b(v) = v**2 - 7*v + 1. Let z be b(6). Let u = z - -7. What is the units digit of u?
2
Suppose 33 = 4*o + 209. What is the units digit of ((-187)/o)/(2/8)?
7
Suppose -1 - 4 = -5*t. What is the units digit of t?
1
What is the units digit of 18955/34*4/10?
3
What is the units digit of ((-12)/(-8))/1*202?
3
Let u = 1 - 58. Let w = -38 - u. What is the units digit of w?
9
Suppose -2*k - 3 = 1. Let u be ((-1)/k)/(3/(-12)). Let i = u + 8. What is the units digit of i?
6
Let y be 10 + -9 - (1 - -5). Let j = y - -23. What is the units digit of j?
8
Suppose -2*n + 393 + 189 = 0. What is the units digit of n?
1
Let f = -3 + -1. Let u(s) = s**3 + 4*s**2 - 2*s - 2. Let i be u(f). Suppose -l + i*l - 10 = 0. What is the units digit of l?
2
Suppose 3*i + 3 = -0*y + 3*y, 2*i + 5*y - 26 = 0. Suppose -3*m + 15 = -i*t, 2*t - 4*t + 2 = m. What is the units digit of (10 - t) + (-5 - -3)?
9
Let t(s) = s**2 - 14*s + 12. Let v be t(11). Let q = 33 + v. What is the tens digit of q?
1
Let g(p) be the first derivative of -p**2 - 6*p - 2. What is the units digit of g(-6)?
6
Let c(i) = i**3 + i**2 - i + 2. Suppose 5*q - 5*l = 10 - 5, 0 = -5*l + 25. Let m = q - 4. What is the tens digit of c(m)?
1
Suppose -2*a + 5*a = -21. What is the tens digit of 58/6 - a/21?
1
What is the tens digit of (3 - 6)*(-7)/((-21)/(-122))?
2
Let i(b) = 6*b + 94. What is the tens digit of i(0)?
9
Suppose -3*j + 19 = -i + 169, -3*i - 2*j = -395. What is the units digit of i?
5
Let y(m) = 8*m**2 - m. Let l be y(1). Let b = 23 + l. What is the tens digit of b?
3
Suppose -19 + 99 = 5*y. Suppose -5*v + y = 46. Let o = v - -9. What is the units digit of o?
3
Let g be 1/(-4 - (1 + -4)). What is the tens digit of (-6)/12*(-37 + g)?
1
Let f = 9 - -2. Let g(r) = -2*r**2 + 2*r + 4. Let z be g(3). Let j = z + f. What is the units digit of j?
3
Let i(g) = g**2 - 2*g + 1. Let c be i(-2). Let y = c + 9. What is the tens digit of y?
1
What is the units digit of (-3 - -1) + (-81)/(-1)?
9
Let c = 24 - 34. What is the units digit of (-4 + c/(-2))*51?
1
Let z = 21 - -1. What is the tens digit of z?
2
Let s be 7*3/6*10. Let a be 3/(-6) - s/(-2). Suppose 2*w + 2*r - 5*r - a = 0, 4*w - r = 29. What is the units digit of w?
7
Let w(u) = u + 3. Suppose 34 = 2*t + 10. What is the tens digit of w(t)?
1
Let q(f) be the first derivative of f**2 - 10*f + 3. What is the tens digit of q(12)?
1
Suppose -5*w + 5*a + 238 = -17, 3*a - 169 = -4*w. What is the tens digit of w?
4
Let k be (-3)/2*4/(-3). Suppose 2*t - 14 = -k*f, -f - 14 = 2*f - 4*t. What is the units digit of f?
2
Let l = 134 - 100. What is the tens digit of l?
3
Suppose -146 = -2*m - 0*i + 4*i, 2*m = -5*i + 110. What is the tens digit of m?
6
Let h(j) = -j**3 + 6*j**2 - 5*j + 6. Let s = 11 + -6. Let o be h(s). Let m = -1 + o. What is the units digit of m?
5
Let r be 2 - 134/(1 - 0). What is the tens digit of ((-1)/2)/(6/r)?
1
Let c = 61 + 17. What is the units digit of c?
8
Suppose -5*m - 6 = -21. Let g = m + -2. What is the units digit of g?
1
Let r(d) = -d**3 + 3*d**2 - 2*d - 1. Let x be r(3). Let p = -16 + 24. Let j = p + x. What is the units digit of j?
1
What is the tens digit of ((-62)/(-2))/((-5)/(-10))?
6
Suppose 0*h + 5*h - 5*b - 330 = 0, -h = -3*b - 56. What is the tens di